se -13 = -0*c + 2*c + 3*h, -4*c = -5*h + 37. Let s(w) = w**3 + 10*w**2 + 11*w + 13. What are the prime factors of s(c)?
53
Let k(j) = -j**3 - 12*j**2 - 20*j - 2. Let z be k(-8). Let a = 104 + z. What are the prime factors of a?
2, 3
Let m = 92 - 182. Let c = m - -128. Suppose 3*g - 4*g = -c. What are the prime factors of g?
2, 19
Let m(s) = 9*s - 13. Suppose -2*j + 120 = 2*j. Suppose -d - j = -6*d. List the prime factors of m(d).
41
Suppose w - 2*f = -0*w + 1185, 4*w - 4792 = -5*f. List the prime factors of w.
1193
Let c(d) = 4*d**3 + d**2 + 12*d + 8. Let x = -10 - -16. Let m(g) = 5*g**3 + 13*g + 9. Let t(i) = x*c(i) - 5*m(i). List the prime factors of t(7).
3
Suppose 0 = 3*h + 2*j - 664, 2*h - 4*h + j = -431. List the prime factors of h.
2, 109
Suppose -754 = 333*s - 335*s. List the prime factors of s.
13, 29
Let h = 1137 - -1503. What are the prime factors of h?
2, 3, 5, 11
Suppose -9*l + 22*l = 6058. List the prime factors of l.
2, 233
Let z be (1 - 1) + (4 - -1). Suppose -12 - 18 = -z*w. Suppose -4 = -o + w. What are the prime factors of o?
2, 5
List the prime factors of (-30)/(6/1) - (-318 + -1).
2, 157
Let n be (3 - 1325/(-4)) + (-3)/12. Suppose -4*s + n = 110. List the prime factors of s.
2, 7
Let t be 53/318 - 29/(-6). Let m be (-1)/4 - 13/(-4). Suppose t*c - c + 4*l - 124 = 0, -2*l = m*c - 96. What are the prime factors of c?
2, 17
Let z be (-2 - -1)/((-13)/39). Suppose z*c - 19 = -5*d, 0 = -5*c - 2*d + 14 + 5. Suppose 2*y + c*y = 35. What are the prime factors of y?
7
Suppose -3*m + m = -50. Suppose 55 = -5*v - m. Let j = 22 + v. List the prime factors of j.
2, 3
Suppose -32 = -4*g + 4*n, -2*g + n = 2*n - 1. Let c(b) = -6*b + 12. Let l be c(-7). Let m = l - g. What are the prime factors of m?
3, 17
Suppose -2*p = 2*s - 24 - 34, -4*s = -5*p - 98. Let t(j) = -j**2 - 13*j + 9. Let q be t(-9). Let r = q - s. List the prime factors of r.
2, 3
Suppose -684*m = -676*m - 11296. List the prime factors of m.
2, 353
Let c(r) = 5*r**2 + 4 - 11*r**2 + 5*r**2 + 4*r + 2*r**2. Suppose -2*m + 3*f - 33 = 2*m, -m - f = 3. List the prime factors of c(m).
2
Let a(m) = 218*m**2 + 61*m - 8. What are the prime factors of a(-4)?
2, 809
Let o be 565 - ((-2)/2 - -1). List the prime factors of 1/2 - o/(-10).
3, 19
Suppose -7*n + 116 = -3*n. Suppose 0 = -2*p - 3*d + 34, 2*p - 4*d = 5 + n. List the prime factors of p.
17
Let p = 21 - 27. Let j(u) = u**3 + 4*u**2 - 12*u + 2. Let z be j(p). Suppose m - z*o = 2*o - 9, m + 4*o = 15. What are the prime factors of m?
3
Let p(y) = y**3 - 15*y**2 - 37*y - 2. What are the prime factors of p(18)?
2, 19
Let n(r) = -r**3 - 9*r**2 + 3. Let m be n(-9). Let k = 8 + -8. Suppose t - 40 = m*y, -5*y = -3*t - k*t + 112. What are the prime factors of t?
2, 17
Let g = -22 - -34. What are the prime factors of g?
2, 3
Let j(f) = 18*f**3 + 6*f**2 + 3. List the prime factors of j(4).
3, 139
Suppose -41*l + 7137 + 9222 = 0. List the prime factors of l.
3, 7, 19
List the prime factors of 11 + 854 + 2 + (-10 - -4).
3, 7, 41
Let u(q) = -q**2 + 14*q - 13. Suppose 2*v - c - 32 = 0, 0*v - c + 43 = 3*v. Let j be u(v). Let p = 40 + j. What are the prime factors of p?
2, 3
Suppose -3*u - 6 = -t, -5*t - 3*u = -58 - 44. Suppose -11*l = 3*l + 126. Let j = t + l. What are the prime factors of j?
3
Let t(f) = -2*f**3 + 12*f**2 - 8*f + 7. Let n be t(5). Suppose 0 = -n*h + 16*h + 12. List the prime factors of h.
2, 3
Suppose 2*q = 3*l + l - 72, 3*q = l - 8. Suppose -6*r + 15 = -3*r. Suppose r*j + 31 = 3*p, -2*j + 4*j + l = 5*p. What are the prime factors of p?
2
Suppose 62 = 3*f + 212. Let b = 121 + f. What are the prime factors of b?
71
Let j(b) = b**2 - 2*b - 17. Let f(z) = 36*z**2 - 3*z - 2. Let m be f(-1). Suppose m = -4*k - 3*p, -10 = k + p - 0*p. What are the prime factors of j(k)?
2, 23
Let y = 785 + -375. What are the prime factors of y?
2, 5, 41
Let p(s) = -s**3 - 2. Let w be p(-2). What are the prime factors of (-3)/(-15) + 86*w/20?
2, 13
Let t(a) = 2*a**3 - 4*a**2 + 2. Suppose -12 = x - 4*x. List the prime factors of t(x).
2, 3, 11
Let g be (-1)/((-4)/36)*4. What are the prime factors of ((-27)/(-2))/(6/g)?
3
Let k(j) be the second derivative of j**5/20 - j**4/2 + j**3/2 + 7*j**2/2 + 8*j. Let r be k(6). Let q = r + -16. List the prime factors of q.
3
Suppose -g = -0*g - 2*a - 11, 5*g - 28 = a. Let b(r) = -r + 7. Let v be b(g). Suppose 0 = -v*o - 3*o + 120. List the prime factors of o.
2, 3
Let j be (17/(-2))/(0 - (-3)/18). Let n = j - -93. List the prime factors of n.
2, 3, 7
Let o(n) = 48*n**3 + 16*n**2 - 38*n - 1. What are the prime factors of o(3)?
5, 53
Let s(x) = -8*x**2 - 7*x - 6. Let g be s(5). Let w = g - -499. What are the prime factors of w?
2, 3, 43
Suppose 939 = -5*z - 5871. Let c be z/9 + 4/12. Let g = -87 - c. List the prime factors of g.
2
Suppose 18*j - 6448 = 5*j. List the prime factors of j.
2, 31
Suppose 8636 = 5*a + 2*c, 4*a + 15*c - 19*c - 6920 = 0. List the prime factors of a.
2, 3
Let f be ((-45)/(-10) - -1)*-34. Let x = f + 262. List the prime factors of x.
3, 5
Let r(p) be the second derivative of 19*p**3/6 - 7*p**2/2 + 15*p. What are the prime factors of r(4)?
3, 23
Let x = -2276 + 3233. What are the prime factors of x?
3, 11, 29
Let n = 2244 + -1535. What are the prime factors of n?
709
Suppose -5*s + 1386 = 3*a, a - 5*s = -s + 445. List the prime factors of a.
457
Suppose 4*j + 90 = 3*h - 190, -2*j + 210 = 2*h. Suppose 101*w = h*w + 135. What are the prime factors of w?
3, 5
Suppose k + n = -5, -2*n = 2*n. Let u(h) = -h**3 + 9*h**2 + 9*h - 16. List the prime factors of u(k).
17
Suppose -10 = -f - f. Suppose -741 - 279 = -f*k. List the prime factors of k.
2, 3, 17
Let x(z) = 47*z**2 - 26*z - 58. What are the prime factors of x(-3)?
443
Suppose 5*i - 2760 = -t, 0 = -2*t + 2 - 12. List the prime factors of i.
7, 79
Suppose 4*w = 2*v + 2*v + 16, -5*w = 4*v - 20. Suppose -2*o + f = 0, 5 = w*o + 3*f - 5. Let l(p) = 68*p**2 - 1. List the prime factors of l(o).
67
Let d(g) = -g**2 + 9*g - 1. Let s be d(9). Let c be -3 + 4 + 0 + s. Let b = c - -5. What are the prime factors of b?
5
Suppose -f - 9 = -10*f. What are the prime factors of (2/(-2) + 3)/(f/57)?
2, 3, 19
Let z(o) = -o**3 - 8*o**2 + 10*o + 12. Let g be z(-9). Suppose -3*r + 20 = 4*s - r, g*r + 25 = 5*s. Suppose f = s - 1. List the prime factors of f.
2
Suppose 8*i = 10*i + 3*s - 1100, 3*i = -5*s + 1652. What are the prime factors of i?
2, 17
Let g = -5479 + 9262. What are the prime factors of g?
3, 13, 97
Let d = 1296 + -729. What are the prime factors of d?
3, 7
Let g(t) = -t**3 + 6*t**2 - 7*t + 8. Let b be g(5). What are the prime factors of (6/b)/(45/(-1320))?
2, 11
Let y = 81 + -77. Suppose 4*m - 5*c - 72 - 397 = 0, 2*m - 212 = -2*c. Suppose -m = -y*p - 15. List the prime factors of p.
2, 3
Let g = -1210 - -2407. What are the prime factors of g?
3, 7, 19
Let v = 349 + -31. What are the prime factors of v?
2, 3, 53
Let s be ((-36)/9)/(0 - 1). Suppose s*p - 2*h + 55 = -11, 5*p - 3*h = -85. What are the prime factors of -1 + 1 - -3 - p?
17
Let s be -122*(-2 + 3)/1. Let b = s - -183. List the prime factors of b.
61
Let d(a) = 12*a**2 + 20*a + 9. What are the prime factors of d(4)?
281
Suppose 8 + 12 = 4*g. Suppose 0 = 3*d - 2*x - 20, -2*d - g*x - 2 - 10 = 0. Suppose d*f = 4*l + 36, -5*f - 2*l = -25 - 20. List the prime factors of f.
3
What are the prime factors of (0 - -1 - 649)/(32/(-128))?
2, 3
Let m = 29 + -21. Let k = m + -13. Let x = 12 + k. List the prime factors of x.
7
Suppose 0 = -2*s - 28 + 112. Suppose 5*v = 3*v + s. What are the prime factors of v?
3, 7
Suppose 2*g + 3 - 2 = k, -2*k = 2*g - 2. Suppose 4*r - 33 = 79. List the prime factors of r + (-3)/k - 2.
23
Let r be ((-4)/16*0)/1 + 5. Suppose 0 = -2*u + r*b - 4*b + 386, 4*u = -3*b + 782. What are the prime factors of u?
2, 97
Suppose -4*z = -7*z. Suppose -4*m = y + 30, -4*m + z = -y + 2. Let i = y - -31. What are the prime factors of i?
17
Suppose -139*a = -122*a - 11832. List the prime factors of a.
2, 3, 29
Let m(s) = -s**2 - 17*s - 15. Let z be m(-16). List the prime factors of z - (-1 + (-12)/2).
2
Suppose -19 = -5*a - 4, -5*y + 5436 = -3*a. What are the prime factors of y?
3, 11
Suppose -1 = 4*z - 41. Let q = -10 + z. Suppose q*r + r = 11. What are the prime factors of r?
11
Let h = -40 - -35